11. Calculate the remainder when r(-10) is divided by c.
15
Suppose h - 2 = 8. Suppose 0 = -5*s - 4*x + 20 + h, 0 = -x. Let r = 8 + 15. What is the remainder when r is divided by s?
5
Let v = -264 + 348. What is the remainder when v is divided by 29?
26
Suppose -3*w = -4 - 2. Suppose -21 = -i + 4*u, i - 24 = 5*u + w. What is the remainder when i*-2*(-6 - -4) is divided by 2?
0
Suppose 0 = 4*z + 8 - 16. Calculate the remainder when 84/10 + (-6)/15 is divided by z.
0
Suppose 0 = -3*p + 2*p - 5*g + 40, 2*p = 3*g + 54. Suppose -p = 2*u - 3*u. What is the remainder when 57 is divided by u?
27
Let g = 1523 - 1522. Suppose 0*y - 10 = -2*y. Suppose -3*f = -5*c + 32, -c - y = -2*f - 17. Calculate the remainder when c is divided by g.
0
Suppose 0 = y + p - 3*p + 8, 3*p = 9. What is the remainder when (12/(-8) + 3)/(y/(-20)) is divided by 18/8*16/6?
3
Suppose 4*y + 2*a - 54 = 86, 2*a - 107 = -3*y. What is the remainder when 97 is divided by y?
31
Suppose 4*u + 3*q - 59 = 0, 38*u + 2*q = 37*u + 11. Calculate the remainder when u is divided by 8.
1
Suppose 4*y - 2*y + 25 = -5*m, y = -5*m - 15. Let d = 9 + y. What is the remainder when 73 + 6/(3 + d) is divided by 26?
24
What is the remainder when 414 is divided by (-628)/(-6) + (-6)/9?
102
Suppose h - 14 = 5*t + 10, -4 = h + 2*t. Suppose 0 = -2*d + 2*g + 128 - 20, -5*g - 217 = -h*d. Calculate the remainder when d is divided by 11.
9
Let t(c) = -2*c**3 + 3*c**2 + 2*c + 5. Calculate the remainder when 19 is divided by t(0).
4
Let v(g) = 8*g - 75. What is the remainder when 51 is divided by v(11)?
12
Let t = -172 + 197. Let d(i) = -i + 42. Let p be d(0). Suppose o - p = -2*o. What is the remainder when t is divided by o?
11
Suppose 90*f = 88*f + 640. Calculate the remainder when f is divided by 17.
14
Let c(d) = -d**3 - 14*d**2 - 12*d + 18. Calculate the remainder when 18 is divided by c(-13).
3
Let b(o) be the second derivative of -o**5/20 + o**4/3 + o**3 - o**2 - 18*o. Calculate the remainder when b(4) is divided by 12.
10
Suppose 3*a - 5*z = -7*z + 47, 5*a - 79 = -4*z. What is the remainder when 174 is divided by a?
9
Suppose -5*m = 5*j - 50, 4*m = -3 - 1. Suppose -4*f - 399 = -j*f. Calculate the remainder when f is divided by 12.
9
Let a be 4/10 - 188/20. Let i = 16 + a. Suppose 3*y - 125 = -2*y. What is the remainder when y is divided by i?
4
Let y(s) = 152*s + 1074. What is the remainder when 657 is divided by y(-7)?
7
Let n(c) = -c + 16. Let o = 27 + 2. Let f = -40 + o. What is the remainder when n(f) is divided by 7?
6
Suppose -162 - 398 = -4*t. Calculate the remainder when t is divided by 47.
46
Let j = 50 - 52. Calculate the remainder when (j/(-6))/(1/147) is divided by 11 + (-4)/(-6)*3.
10
Let m(i) = i**2 - 6*i + 7. Let u be m(5). Suppose -54 = -4*h + u*c, -2*h = -5*c - 3 - 4. Calculate the remainder when 44 is divided by h.
12
Suppose 0 = 3*l + 15, 0*b - 2*l - 22 = -2*b. Calculate the remainder when 113 is divided by b.
5
Let m = 59 - 54. Suppose -m*k + 109 = 4. Calculate the remainder when 38 is divided by k.
17
Let m(x) = x**2 + x - 94. What is the remainder when m(10) is divided by 14?
2
What is the remainder when 205 is divided by 532/209*(-11)/(-2)?
9
Suppose -5*r + 4*l + 16 = -2*r, 0 = -4*r + 4*l + 20. Suppose r*w + 211 = -161. Let n = 165 + w. What is the remainder when n is divided by 25?
22
Let l = 33 + -12. Suppose -6*u - 58 = -292. Calculate the remainder when u is divided by l.
18
Suppose 1 = 5*u - 19, 3*c - 4*u - 404 = 0. Suppose -60*d - c = -64*d. Let m = -4 + 13. Calculate the remainder when d is divided by m.
8
Let p = 466 + -438. What is the remainder when 55 is divided by p?
27
Let q = -20 + 28. Calculate the remainder when (-143)/(-3) - q/(-24) is divided by 17.
14
Let m = -456 - -710. What is the remainder when m is divided by 52?
46
Let f = -187 - -109. Let b = -65 - f. Calculate the remainder when 128 is divided by b.
11
Let q(g) = 5*g + 28. What is the remainder when (3 + 0)/(3/46) is divided by q(-4)?
6
Let u(r) = 5*r + 3. Let p be u(-3). Let d be (-284)/p + 2/(-3). Suppose 65 = 4*z - d. Calculate the remainder when 87 is divided by z.
21
Let q(s) = s**2 - 32*s - 156. Calculate the remainder when 259 is divided by q(37).
27
Suppose 0 = -12*l + 16*l + 3*o - 136, 0 = -l - 5*o + 34. Let u(m) = 3*m**2 - m - 1. What is the remainder when l is divided by u(2)?
7
Let n = 887 + -799. Calculate the remainder when 2023 is divided by n.
87
Suppose -14 = -h + 5*v, 2*h - 130 = -3*h - 5*v. Calculate the remainder when h is divided by 20.
4
Suppose -2*g + 52 = 5*f, -g - 3*g + 88 = 2*f. Let l = g - 8. What is the remainder when 76 is divided by l?
11
Let a(j) = 4*j**2 + 4*j. Let c be a(-4). Let y = 3 - -8. Calculate the remainder when c*(1 - 1/3) is divided by y.
10
Suppose -u + 4 = -24. Suppose 3*a - u = -1. Suppose 2*g - 3*f = -2*f + 48, -2*f - 24 = -g. Calculate the remainder when g is divided by a.
6
Suppose 0*x = 12*x - 336. Calculate the remainder when x is divided by 19.
9
Suppose -3*k + 4*f + 29 = 0, -3*f - 30 = -3*k - 6. What is the remainder when ((-2)/(-4))/((-2)/(-52) - 0) is divided by k?
1
Let u = -1476 + 1505. Calculate the remainder when 212 is divided by u.
9
Let m = 229 - 218. Calculate the remainder when m is divided by -2*-2*(-2 + 3).
3
What is the remainder when 255 is divided by (-2 + (-34)/4)/(75/(-50))?
3
Suppose 0 = 3*k + y - 99 - 152, 0 = 3*k - 5*y - 257. What is the remainder when k is divided by 31?
22
Let a = 1854 + -1749. Calculate the remainder when 325 is divided by a.
10
Let u be (0*2/(-8))/1. Suppose 4*g - 20 - 24 = u. Let x(b) = -7*b + 5. What is the remainder when x(-5) is divided by g?
7
Suppose 0 = -1918*x + 1916*x + 16. What is the remainder when 94 is divided by x?
6
Suppose 21*b = 15*b + 84. What is the remainder when 6/b + (-2880)/(-42) + 0 is divided by 10?
9
Suppose -5*s = k + 19, -5*k + 3*s + 40 - 163 = 0. Let c = k - -40. Calculate the remainder when 47 is divided by c.
15
Suppose 29*k - 785 + 176 = 0. What is the remainder when 145 is divided by k?
19
Let r be (1 + 13)/(-1) + -8 + 9. Let d be (5/2)/((-2)/(-12)). Let f = r + d. Calculate the remainder when 8 is divided by f.
0
Suppose 5*l - 266 = 4*j, 2*l + 2*l = j + 204. Suppose 334*k = 10436 - 3756. What is the remainder when l is divided by k?
10
Let m(h) = -h**2 - 48*h - 137. What is the remainder when m(-41) is divided by 34?
14
Suppose 0 = -i - 3 - 1, -4*j + 40 = -2*i. Suppose 0 = -11*y + 1800 + 202. What is the remainder when y is divided by j?
6
Let b(g) = -9*g + 51. Calculate the remainder when b(-4) is divided by 22.
21
Let v = 104 - 119. Let r = -2 + 5. Calculate the remainder when 15 is divided by ((-9)/v)/(r/45).
6
Let q(f) = 55*f + 340. Let v(c) = -7*c - 1. Suppose 4*o - 5*o = -3*t + 10, -3*t - 10 = 4*o. What is the remainder when v(o) is divided by q(-6)?
7
Let g(o) = 49*o**3 + 2*o**2 - 2*o + 6. Calculate the remainder when g(2) is divided by 27.
24
Let i be (-3 - -5) + 3 + -2 - 1. Let j = 12 - 6. What is the remainder when (-3)/(2/(-16)*i) is divided by j?
0
Let j = 21 + -36. Let n(a) = a**2 + 4*a + 3. Calculate the remainder when n(j) is divided by 13.
12
Let h = -15 - -21. Calculate the remainder when (-720)/(-192)*24/10 is divided by h.
3
Let y(m) = -1060*m - 2. Let f be y(-1). Suppose 515 + f = 11*j. Calculate the remainder when j is divided by 29.
27
Let y = -185 - -230. Calculate the remainder when y is divided by 13.
6
Let o(q) = 4*q**2 + 7*q + 9. Suppose -3*n - 5*v - 4 = 0, 4*n = -3*v + 2*v - 11. Calculate the remainder when 143 is divided by o(n).
23
Let f = 78 + -48. Let g = 59 - f. Calculate the remainder when 54 is divided by g.
25
Let z = 20 + -9. Calculate the remainder when -3*(5/(-3))/(2/10) is divided by z.
3
Suppose -172 = -4*o + 2*n - 8, o + n = 38. Calculate the remainder when o is divided by 298/14 - (-54)/(-189).
19
Let s = 98 - 69. Calculate the remainder when (180/(-40) + 6)/((-3)/(576/(-2))) is divided by s.
28
Calculate the remainder when 131*(0 - (-2 + 1)) is divided by 19.
17
Let u be 0/((-6)/(-3) - 4). Suppose -4*w + 2*v - 115 = -7*w, u = 3*w - 5*v - 143. Calculate the remainder when w is divided by 9.
5
Suppose 0 = 2*u - 4*z - 5 - 3, 0 = u + 4*z - 22. Calculate the remainder when (-59)/(-2) + 5/(-10) is divided by u.
9
Let t be 15/50*8/(-6)*-25